mon factor of 2 and s?
2
Let g be (-22)/(-33)*2*6. Calculate the greatest common factor of 52 and g.
4
Let k(l) = -35*l + 1. Let d be k(-1). Suppose 8*x = 3*x - 5*a + 50, 5*a + 4 = 4*x. Calculate the greatest common divisor of x and d.
6
Let l be 15/12*(-1 - -33). Let a = -19 - -27. Calculate the highest common factor of l and a.
8
Let v(s) = s**3 + 3*s**2 - 2*s + 2. Let o(x) = x + 3. Let r be o(-6). Let a be v(r). Suppose 3*h = a*h - 375. Calculate the highest common factor of 15 and h.
15
Suppose 2*x + 2*x - 592 = 3*o, -5*x + 745 = -5*o. Suppose 58 = -0*i + 2*i. What is the highest common factor of x and i?
29
Suppose -n - 6 = -3*n. What is the greatest common factor of n and 5?
1
Suppose 0 = 2*t - 7*t, -z + 5*t = -5. Suppose -z*k + 15 + 5 = 0. Let h be 6/k*(-32)/(-12). What is the highest common factor of 10 and h?
2
Let n be 6/15 + 1074/15. Suppose -n = -3*p + p. What is the highest common factor of 24 and p?
12
Suppose 55 + 27 = p. Let o = -19 + p. What is the highest common factor of 9 and o?
9
Let h(n) = 21*n**2 + n. Let c be 2*(0 + (-3)/6). Let j be h(c). Calculate the greatest common divisor of j and 50.
10
Let i(z) = z**3 - 10*z**2 + 10*z + 4. Let o be i(9). Let g = 23 + o. Let j = g - 22. Calculate the highest common divisor of j and 7.
7
Let a be 3 + 3/1 + -6 + 10. Suppose -5*p + 285 = 3*k, 0 = 3*k + p - 198 - 99. What is the greatest common divisor of k and a?
10
Let r = 120 - 81. Let z(i) = i + 5*i**2 - 7 + 3*i - 2*i**3 + i**3. Let p be z(5). Calculate the greatest common factor of p and r.
13
Suppose 3*i + 10 = 8*i. Suppose -4*b + i*h = -124, 2*h + 0*h = -2*b + 56. What is the greatest common factor of b and 20?
10
Let c(t) = 2*t**2 - 11*t + 12. Let p be c(7). What is the highest common factor of 264 and p?
33
Let i(t) = t**3 + 11*t**2 - 15*t - 18. Let h be i(-12). What is the highest common divisor of h and 126?
18
Suppose -3*x + 6*x = 192. Suppose x = -5*f + 7*f. What is the highest common factor of 80 and f?
16
Let c(p) = -6*p - 4. Let u be c(-5). What is the greatest common factor of 52 and u?
26
Suppose 4*f - 4*b - 36 = -0*f, -4*f + 41 = b. Suppose 3*y + 2*k = 20, -6*k = 2*y - k - 17. Let m = 16 - y. Calculate the greatest common factor of f and m.
10
Let n(z) = 2*z**2 - 6*z + 5. Let k be n(-5). Let a = 183 - 267. Let j = a - -118. Calculate the highest common divisor of j and k.
17
Suppose 5*p + 4 = -2*f + 3*p, 2*f + 4*p + 10 = 0. Suppose 0*a + a = 5*t + 3, 2*a = -2*t + 18. Calculate the highest common divisor of f and a.
1
Suppose -4*f = 5*n - 7*f - 345, 3*n - 201 = 3*f. Let s(p) = p + 5. Let d be s(-5). Suppose v - 2*v + 9 = d. What is the highest common divisor of n and v?
9
Let u = 131 + -71. Suppose 5*a + 1 = 3*o - 1, 0 = -4*o - a + 18. Let v be o/(-14) + (-340)/(-14). Calculate the greatest common factor of u and v.
12
Suppose 4*c = 0, -18 - 10 = -a - 2*c. Suppose 4*b - 58 = -2*g, 0*g = -4*b + 3*g + 43. Let v = b - 6. Calculate the highest common divisor of a and v.
7
Let q(z) = -z**3 - 16*z**2 + 17*z + 8. Let h be q(-17). Calculate the highest common factor of h and 88.
8
Let r be -3*(11/(-3) - 0). Calculate the highest common divisor of 110 and r.
11
Suppose 0 = i + 2*n - 27, 2*i - 2*n - 30 = -0*i. Let w be 4110/27 + (-4)/18. Calculate the greatest common factor of w and i.
19
Suppose 7*d + 21 = 4*d. Let c = d + 7. Suppose 5*f + 3*n = -0*f + 378, c = 3*f + 5*n - 230. What is the highest common divisor of f and 15?
15
Suppose -67 = 5*l - p, 5 = -l - 6*p + 2*p. Let b = 0 - l. Calculate the greatest common divisor of 130 and b.
13
Suppose f - 12 = -2*f, -5*b + 3*f = -18. Let u = 2 - b. Let k be (-23)/(-2) - u/8. What is the greatest common divisor of 12 and k?
12
Let n = -8 - -11. Suppose -p + 8*b - n*b + 43 = 0, 3*p = 3*b + 141. Let y = 6 - -6. Calculate the highest common factor of y and p.
12
Suppose u - 12 = -3*u. Let x = -6 - -5. Let q = x - -4. Calculate the highest common factor of u and q.
3
Suppose 7*u - 4*y - 446 = 2*u, u + y = 91. What is the greatest common divisor of u and 36?
18
Let x(k) = k**2 + 5*k + 22. Let p be x(-16). Calculate the greatest common divisor of p and 18.
18
Suppose -2*o - 1 - 3 = 0. Let c(v) = -6*v - 3. Let s be c(o). What is the highest common factor of 81 and s?
9
Let w(o) = -o + 57. Let y be w(27). Calculate the greatest common factor of y and 6.
6
Suppose 0 = 8*j - 470 + 22. Calculate the greatest common factor of j and 8.
8
Let n = 62 - 57. Calculate the highest common divisor of 5 and n.
5
Let t be 7/(1 + 20/(-24)). Calculate the highest common divisor of t and 462.
42
Let f be (10 + -5)/1 + 115. What is the greatest common divisor of 8 and f?
8
Suppose x = -2*x - 4*z + 10, 2 = -x + 4*z. Suppose -3*m = -3*j + 57, -x*j - 7 = -3*m - 44. Calculate the highest common factor of 4 and j.
4
Let t(d) = d - 1. Let n be t(6). Suppose 13 = n*y - 17. Suppose 6 = -6*r + 7*r. Calculate the highest common factor of y and r.
6
Suppose 0 = 2*w + w - 378. What is the greatest common factor of 14 and w?
14
Let v be -1 + 80/(-1) + -3. Let i = v - -118. Calculate the greatest common factor of 51 and i.
17
Suppose 0 = -4*t + 5*t - 7. Let l be ((-7)/3)/((-2)/6). Calculate the highest common divisor of l and t.
7
Let x be 2/1 + 12 + 1. Let b = -7 + x. What is the greatest common factor of 8 and b?
8
Suppose -6*x + 904 = -2*x. Let u = x + -472. Let f = u + 444. What is the highest common factor of f and 18?
18
Let o = -4 + 17. What is the highest common divisor of o and 117?
13
Let w = 29 - 25. Suppose 0 = w*d - 31 - 41. What is the highest common divisor of 6 and d?
6
Suppose 6*d - 4*d + 78 = 3*u, -3*u + d + 75 = 0. Let y be -7 - (-800)/12 - (-2)/6. Calculate the greatest common factor of y and u.
12
Let x(a) = a**3 - 13*a**2 - 2*a + 30. Let b be x(13). Calculate the greatest common divisor of 2 and b.
2
Let t be (2 + 1)/(2/6). Let a = 434 + -109. Suppose -a - 170 = -5*n. What is the highest common factor of t and n?
9
Suppose 2*k = -3*a + 95, 0*k - 2*k + 100 = 4*a. Suppose -z = 4*d + 9, -2*d - 2 - 8 = 0. Let s = z + -6. Calculate the highest common factor of k and s.
5
Let k(s) be the second derivative of -s**3/3 + s**2 + 5*s. Let h be k(-7). What is the highest common divisor of h and 40?
8
Suppose -7*r + 115 = -2*r. What is the highest common factor of 184 and r?
23
Suppose -3*h - a + 9 = 0, 5*h + 2*a - 17 = -3. What is the highest common factor of 32 and h?
4
Let o(f) = f**2 + f - 2. Suppose -5*j = -j + 12. Let l be o(j). What is the highest common factor of l and 32?
4
Suppose -4*o + 6*o = -16. Let h(s) = s + 11. Let z be h(o). What is the highest common factor of z and 15?
3
Let q(u) = u**2 - 5*u - 10. Let z be q(7). Let n be (-372)/(-9) + z/6. What is the highest common divisor of n and 14?
14
Let c be (0 - 2) + 5 + 1. Suppose 12 = 3*b, -c*b = -5*u - 5*b + 214. Suppose -3*k - u = -114. What is the highest common divisor of k and 3?
3
Suppose -5*u - 51 = -8*u. Calculate the greatest common divisor of 68 and u.
17
Let m(o) = -o**2 + o + 43. Let n be m(0). Let a = n - 3. What is the greatest common factor of a and 5?
5
Let n be 1 + ((-9)/(-1))/3. Let b = -7 + 12. Suppose -2 = b*d - 7*d. Calculate the greatest common factor of d and n.
1
Suppose -8*m + 7*m = -9. What is the highest common factor of 12 and m?
3
Let s be 160/90 - 4/(-18). Calculate the greatest common factor of s and 32.
2
Let n = -12 + 52. What is the greatest common factor of n and 8?
8
Let m = -168 - -301. What is the greatest common divisor of 7 and m?
7
Let f(o) = 28*o**2 + 2*o + 4. Let y be f(3). Suppose -5*z + y = 27. Let u be 2/6 + z/3. What is the greatest common divisor of u and 8?
8
Let i be (-2)/((-24)/123) - 2/8. Suppose 0*s = -4*s + 2*f + 274, 0 = 5*s - 3*f - 341. Let n = s - 30. Calculate the greatest common divisor of n and i.
10
Suppose g = 4*b - b - 99, -4*b + 3*g = -132. What is the greatest common factor of b and 3?
3
Let z(l) = -l**2 - 7*l - 4. Let s be z(-7). Let u be 4 + s - (1 + -210). Suppose -131 = -4*h + u. What is the greatest common divisor of h and 34?
17
Let y be (-30)/2*(-8)/6. Let p = 15 - -35. Calculate the greatest common factor of p and y.
10
Suppose -5*s - 4 = -4*i, -i + 6*i + 3*s = 42. Let n = -2 + i. Let o = 14 + n. Calculate the highest common factor of o and 126.
18
Suppose -k + 24 = 2*k. S